7a9
In base 15, what is 5e0 + 1492?
1a82
In base 15, what is 430 - e?
421
In base 4, what is -103011 - -102?
-102303
In base 8, what is 3371704 - -3?
3371707
In base 2, what is 10011111001 + 1011?
10100000100
In base 13, what is 1b - b13?
-ac5
In base 9, what is -1106752 - -4?
-1106747
In base 9, what is 51 - -3028?
3080
In base 16, what is 3b8 - -36?
3ee
In base 9, what is 800 + -40?
750
In base 14, what is 348 - -6b0?
a18
In base 11, what is -4209 - 63?
-4271
In base 11, what is 2 + -1925?
-1923
In base 13, what is -5aa4 - 33?
-5b07
In base 3, what is -221012211 - 1?
-221012212
In base 9, what is 101375 - 1?
101374
In base 11, what is -1a757 + -3a?
-1a796
In base 2, what is -1011010100010110 - 1?
-1011010100010111
In base 11, what is -31 + a0?
6a
In base 13, what is 3455b + 23?
34581
In base 9, what is 12 - -418715?
418727
In base 13, what is ba2 + 2b7?
1189
In base 8, what is 2 - -767316?
767320
In base 14, what is 2 + -3ac?
-3aa
In base 2, what is -10 + -101101111111011110?
-101101111111100000
In base 11, what is -5203 + -7?
-520a
In base 5, what is -42033344 - 12?
-42033411
In base 5, what is -4404041 - -3?
-4404033
In base 2, what is -100 + -1110011001001?
-1110011001101
In base 3, what is -20 - -120221002101?
120221002011
In base 9, what is -3 + -5536?
-5540
In base 16, what is d - e88?
-e7b
In base 6, what is 4 + -2125312?
-2125304
In base 5, what is -12310313 + 3?
-12310310
In base 12, what is -28910 + 2?
-2890a
In base 4, what is -3 - -3113100?
3113031
In base 14, what is 1 + 78c1?
78c2
In base 7, what is 10 - -32501?
32511
In base 4, what is -1022131 - 1101?
-1023232
In base 6, what is -1311305 + -2?
-1311311
In base 7, what is 2516446 + -2?
2516444
In base 13, what is -6898 - -27?
-6871
In base 11, what is -12873 - 2?
-12875
In base 4, what is 131 + 21010133?
21010330
In base 2, what is 1011101100001010001 + -1000?
1011101100001001001
In base 15, what is 4 + -60a6?
-60a2
In base 8, what is -361 + -213?
-574
In base 3, what is 10 + 1111120120102?
1111120120112
In base 3, what is -1012 + -12021021211?
-12021100000
In base 12, what is 3 + 2b43?
2b46
In base 7, what is 366423 - -5?
366431
In base 9, what is 3 - 2653?
-2650
In base 4, what is 202000 - 111?
201223
In base 13, what is 456393 - -2?
456395
In base 16, what is 859b + 1?
859c
In base 3, what is -10112 - -201020?
120201
In base 11, what is -a7359 + -3?
-a7361
In base 4, what is 3 + -2102100?
-2102031
In base 12, what is -1366a5 - 2?
-1366a7
In base 3, what is 21020 + -1112221001?
-1112122211
In base 4, what is 13320 - -2212?
22132
In base 4, what is -2 - 3132323?
-3132331
In base 8, what is 2165 + 1300?
3465
In base 3, what is 21200021011 + -11?
21200021000
In base 4, what is 10 - -1311102?
1311112
In base 4, what is 11122 - 2230?
2232
In base 4, what is 1102333 - -21?
1103020
In base 6, what is 20234 + -530?
15304
In base 6, what is 10 - 4224150?
-4224140
In base 2, what is -1001 + -10101111110?
-10110000111
In base 16, what is 5589 - 3?
5586
In base 2, what is -111010111110 - -1001100?
-111001110010
In base 16, what is cdc3 - 2?
cdc1
In base 2, what is -1001000111001110 - -100?
-1001000111001010
In base 14, what is 0 - -3678?
3678
In base 10, what is -657 + -21?
-678
In base 6, what is -312 - 11010?
-11322
In base 6, what is 33344 + 20?
33404
In base 3, what is 21211220202 - -10?
21211220212
In base 11, what is -5707 + -146?
-5852
In base 7, what is -213 + 235?
22
In base 7, what is -30 - -1362522?
1362462
In base 2, what is 1000110 + 101110101000?
101111101110
In base 4, what is -2023030 + -120?
-2023210
In base 14, what is 116155 + -2?
116153
In base 3, what is -2211222022 - 1?
-2211222100
In base 15, what is 3 - a7ba?
-a7b7
In base 11, what is 17 - 878?
-861
In base 13, what is 993a + 38?
9975
In base 6, what is -31433 - -1123?
-30310
In base 3, what is 1 + 202202021012?
202202021020
In base 7, what is 5 + -5442421?
-5442413
In base 6, what is 40401234 + 1?
40401235
In base 14, what is -6ab02 + 7?
-6aad9
In base 15, what is -a - 1b88c?
-1b897
In base 5, what is 11243042 + -4?
11243033
In base 6, what is 1243 - 515?
324
In base 5, what is -10243 - -1222?
-4021
In base 12, what is 262 - 2056?
-19b4
In base 16, what is -af4 - f?
-b03
In base 7, what is 14056 - -464?
14553
In base 3, what is -1 - -1200102112121?
1200102112120
In base 6, what is 42 + 125?
211
In base 13, what is 6 + -1251b2?
-1251a9
In base 8, what is 170 - 302?
-112
In base 11, what is 5 - 10632?
-10628
In base 5, what is -4 + -40124223?
-40124232
In base 10, what is -27 + 273?
246
In base 12, what is -2 + -488?
-48a
In base 9, what is 15 + 26040?
26055
In base 9, what is -28 + -1510?
-1538
In base 15, what is 0 + 42d6?
42d6
In base 9, what is 15 - -1575?
1601
In base 16, what is -1 + -1a5c?
-1a5d
In base 15, what is 66cd - 4?
66c9
In base 3, what is -212212 - -210?
-212002
In base 13, what is -4ca2 + -13?
-4cb5
In base 8, what is -16677 - 5?
-16704
In base 11, what is -10 + 14391?
14381
In base 11, what is -7368 - 0?
-7368
In base 3, what is -220021 + 1021100?
101002
In base 11, what is 9a06 + 11?
9a17
In base 7, what is 45 + -215?
-140
In base 5, what is -14 + 12312?
12243
In base 4, what is -22223 + 303?
-21320
In base 11, what is 1 - 364097?
-364096
In base 13, what is aa76 - -3?
aa79
In base 7, what is 20 - -321333?
321353
In base 8, what is -24702 + 12?
-24670
In base 14, what is 5 + 246b?
2472
In base 11, what is -11 + -36aa5?
-37006
In base 15, what is -24 + 16627?
16603
In base 4, what is 210211 + -2021?
202130
In base 14, what is -617 + -15?
-62c
In base 13, what is -2 + 12bc31?
12bc2c
In base 10, what is -44 - -192?
148
In base 5, what is 13000 - 34212?
-21212
In base 10, what is 14 - -76057?
76071
In base 10, what is -2031 + -179?
-2210
In base 5, what is -3 - -332342?
332334
In base 11, what is 57894 - 24?
57870
In base 9, what is -1242113 + 1?
-1242112
In base 12, what is 3132 - -b?
3141
In base 8, what is -3407 - 6?
-3415
In base 2, what is -1110110111100 + -100010?
-1110111011110
In base 11, what is -4 + -2119a?
-211a3
In base 8, what is -14722 + -13?
-14735
In base 5, what is -4 - 121012?
-121021
In base 6, what is -342021 + -141?
-342202
In base 7, what is 2606 - 113?
2463
In base 8, what is -170 - -112?
-56
In base 13, what is 17480 + -c?
17471
In base 10, what is 7543 - -10?
7553
In base 14, what is -64b + 258?
-3d3
In base 3, what is -2 + -22112201?
-22112210
In base 10, what is 4 - -166204?
166208
In base 4, what is -1010 - -211110?
210100
In base 4, what is 101301100 + -32?
101301002
In base 10, what is -5 - 581079?
-581084
In base 14, what is -5 - 456d6?
-456db
In base 4, what is -30313 + -223132?
-320111
In base 13, what is -a5c - 4c?
-aab
In base 13, what is -b8 + 7?
-b1
In base 14, what is c + c3b?
c49
In base 10, what is 3 - 187881?
-187878
In base 5, what is -1320034 + 141?
-1314343
In base 2, what is -100 + 1101010111100010?
1101010111011110
In base 10, what is -907511 + 0?
-907511
In base 10, what is -2 - 148923?
-148925
In base 10, what is -1568 - 10?
-1578
In base 16, what is -4 + 1ed92?
1ed8e
In base 12, what is 9 + -3a57?
-3a4a
In base 16, what is -99 - -6b5?
61c
In base 7, what is 1241 + 1560?
3131
In base 11, what is -6876 + 12?
-6864
In base 4, what is 1112 - -22?
1200
In base 11, what is -a4a07 + 5?
-a4a02
In base 8, what is 5 + 444014?
444021
In base 4, what is -1032310 + -123?
-1033033
In base 11, what is 0 - -5952a?
5952a
In base 6, what is 131103 + 33?
131140
In base 13, what is 2ba - -227?
514
In base 11, what is -2 - -2a849?
2a847
In base 9, what is 33 + 1180?
1223
In base 13, what is -77c61 + 0?
-77c61
In base 9, what is -8184 - 55?
-8250
In base 7, what is -340 - -625?
255
In base 10, what is 1 + -17574?
-17573
In base 16, what is -7 - -a82?
a7b
In base 13, what is -103cc4 - 4?
-103cc8
In base 10, what is 539654 + -1?
539653
In base 13, what is -b + -43b?
-449
In base 7, what is 40051 + 503?
40554
In base 6, what is 103211 + -142?
103025
In base 13, what is 2a43a - -4?
2a441
In base 2, what is 11101100001010 + -101?
11101100000101
In base 13, what is 6a + 2a53?
2ac0
In base 2, what is 10001100 - -1011111000?
1110000100
In base 5, what is -12402 - -12?
-12340
In base 2, what is 101 + 10101100100100?
10101100101001
In base 6, what is 1003 + 43?
1050
In base 13